Let a = 7 - m. Suppose 0 = a*t - 9, 3*g - 30 + 3 = 2*t. What is the units digit of g?
1
Let v = 28 - 25. Suppose -d + v*q - 5*q = -12, -2*q - 4 = -3*d. Suppose -21 + 160 = 3*z - d*s, -240 = -5*z + 5*s. What is the tens digit of z?
5
Suppose -3*c + 246 = -93. Let h = 4 + 0. Suppose 5*z + 3*g - c = 0, -5*g + h = z - 23. What is the units digit of z?
2
Let m(v) = -v**3 + 8*v**2 - v - 7. Let x be m(8). Let i be x/10 - 11/2. What is the units digit of 6/(-14) + (-206)/i?
9
Suppose -3*d + 829 + 1592 = 0. What is the hundreds digit of d?
8
What is the units digit of (192 + -37)*2/2?
5
Suppose -4*r - 5*i - 20 = 0, -3*r - 5*i - 16 = 4. Suppose 2*p + 4*p - 6 = r. What is the tens digit of (-2 + p)*-27 - -1?
2
Suppose -f + 2*m + 500 + 714 = 0, 2468 = 2*f + 4*m. What is the hundreds digit of f?
2
Let c be ((-9)/(-6) - 2)*-4. Suppose c*l + 2*l = 5*m, 2*m = 4*l + 12. Let p(w) = w**2 + 2*w - 2. What is the units digit of p(l)?
3
Let d(g) = -g**3 + 2*g**2 - 6*g - 6. What is the units digit of d(-9)?
9
What is the hundreds digit of -1 + 392 + 36/12?
3
Let p(v) = 20*v**3 + 6*v**2 - 24*v + 1. What is the units digit of p(3)?
3
Suppose 3*w = -5*d + 10 - 86, -3*d = 4*w + 50. Let v(u) = -5*u + 16. What is the tens digit of v(d)?
8
Let j(c) = 4*c - 5*c - 2*c + 85 + 5*c. What is the tens digit of j(0)?
8
Let q(v) = -v**3 - 4*v**2 - 2*v - 9. Let c be q(-4). Let u(j) = -19*j - 6*j + 2*j. What is the units digit of u(c)?
3
Suppose 10 = 2*m + 3*m, 0 = w - 2*m - 2858. What is the hundreds digit of w?
8
Suppose -4*t = -2*m - 224, 5*t - m - 274 = 3*m. Suppose 122 = 4*z - t. What is the tens digit of z?
4
Suppose 5*r - 4*w = 3819, -2*w + 1530 = 2*r - 3*w. What is the hundreds digit of r?
7
Let v = -24 + 26. Let d be (1/v)/((-6)/(-60)). Suppose 0 = d*s - 2 - 108. What is the units digit of s?
2
Let a = -512 + 737. Let n = 329 - a. What is the hundreds digit of n?
1
Suppose -a + 2*a + 5 = x, -23 = 3*a - x. Let b(t) = t**3 + 4*t**2 - 2*t - 1. Let k be b(-3). Let v = a + k. What is the units digit of v?
5
Suppose 4*p = -2*s + 2226, 2*s - 2*p + 4446 = 6*s. What is the units digit of s?
1
Suppose 83 + 28 = 3*y. Suppose -5*m - 4*d = -y, 11 + 7 = 3*m + d. What is the units digit of m?
5
Let d(j) be the second derivative of -j**3/3 + j**2/2 - 14*j. Let h(o) = -o**2 + 4*o - 2. Let r be h(5). What is the tens digit of d(r)?
1
Let d be 4 + 3 - (6 + -1 + -2). Suppose -d*m = -2*m - 142. What is the tens digit of m?
7
Let r(c) = -55*c**3 + c**2 + c. Let g be r(-1). Let j = 84 - g. What is the units digit of j?
9
Let v = 617 + -345. Suppose 58 + v = 3*f. What is the hundreds digit of f?
1
Let p(b) = b**3 + 5*b**2 - 5*b - 8. Let l = 0 - 6. Let g be p(l). Let x = g + 20. What is the units digit of x?
6
Suppose 20825 = -11*s + 36*s. What is the hundreds digit of s?
8
Let m = -2 + 2. Suppose -31 = -2*q - 25. Suppose 5*b + 5*r = m, -1 = q*b - r - 21. What is the units digit of b?
5
Let o(h) = -6 - 8 - 2 + 2*h**2 - 13*h. Let x be o(10). What is the tens digit of 2688/x + (-2)/(-9)?
5
Suppose 2*g = -0*j + 2*j - 1796, 3*j - 2*g = 2693. What is the tens digit of j?
9
What is the tens digit of (-8763)/(-3) + (-230)/23?
1
Let g(x) = -53*x - 10. Let w be g(-5). Suppose 16*r = 13*r + w. What is the units digit of r?
5
Suppose -5*k - 2*t = -10, -5*k = -2*k - t - 6. Suppose k*l - d - 174 = -2*d, 0 = 3*l - 3*d - 279. What is the units digit of l?
9
Let p(u) = 3*u**2 + 17*u**3 + 2*u - 2 + 0 - 5*u**2. Let c be p(2). Suppose g + 4*d + 1 - 48 = 0, 5*g - d = c. What is the units digit of g?
7
Let a = 335 - 213. What is the hundreds digit of a?
1
Suppose 5*y = -607 - 233. Let o = y + 295. What is the tens digit of o?
2
Suppose -4*u - c + 120 = u, c = -5. Let i = 12 - u. Let s = 90 + i. What is the tens digit of s?
7
Let c be 343 - (2/2)/(1 + -2). Suppose -4*i + 120 = -c. What is the tens digit of i?
1
Let m(d) = -2*d**3 - d**2 - 2*d - 4. What is the units digit of m(-4)?
6
Suppose 3*k + 40 = 8*k. Suppose k*m + 2*c - 170 = 4*m, -m = -4*c - 65. What is the units digit of (m/12)/(6/72)?
5
Suppose -4*x + 4*o + 8 = -0*o, x = -5*o + 14. Let y(k) = k**2 + 12*k - 1. What is the tens digit of y(x)?
6
Suppose 466 = -5*n + t + 3, 0 = 4*n + 2*t + 376. Let q = n - -165. What is the tens digit of q?
7
Let l(q) = 15*q**2 + 72*q - 466. What is the tens digit of l(7)?
7
Suppose b - 128 = -4*y, 0 = 4*b + 4*y - 242 - 270. What is the tens digit of b?
2
Let x = -463 - -769. What is the units digit of x?
6
Let u = -43 + 27. What is the hundreds digit of ((-4)/10)/(u/5280)?
1
Let o = -7 + 73. Suppose -4*t = -r + 63, -r + 0*t + o = -t. What is the tens digit of r?
6
Suppose -20 = -6*p + 2*p. Let v(f) = -f**2 + 27*f - 2. What is the units digit of v(p)?
8
What is the hundreds digit of (12 + -23)/(4/(-452))?
2
Let c = -6166 + 8919. What is the hundreds digit of c?
7
Let q(w) = -10 - 124*w + 53*w + 51*w - 2. What is the hundreds digit of q(-12)?
2
Suppose 5*l - 715 = 2395. What is the hundreds digit of l?
6
Let h(r) = r**2 - r - 1. Let g be h(3). Suppose w + g*b - 22 + 0 = 0, 4 = b. What is the units digit of w?
2
Suppose -2*m - 12 = -5*m. Suppose k + k = -3*i + 10, -m*i + 12 = 3*k. What is the units digit of i?
6
Suppose -93 = -37*a + 36*a. What is the tens digit of a?
9
Let f(x) = 23*x - 4. Let j be f(3). Suppose -2*z + 4*z = u + 45, -5*z - 5*u = -75. Suppose j = 5*h - z. What is the tens digit of h?
1
Let k be 1087 + ((-12)/15)/((-6)/(-15)). Suppose -175 = -5*g + k. What is the units digit of g?
2
Suppose 0 = -36*f - 17*f + 68158. What is the units digit of f?
6
Let i be 0 + (2 - -2)/2. Let s(g) = -5*g - 2. Let r be s(-1). Suppose 0 = r*z - 53 + i. What is the tens digit of z?
1
Let m be 44/(-16)*-1*-4. Let q(k) = k**2 + 9*k - 14. Let t be q(m). Suppose t*a = 7*a + 40. What is the units digit of a?
0
What is the units digit of 2349 - -25 - 7*1?
7
Let h(i) = -i**3 - 4*i**2 - 3*i - 14. Let v be h(-4). Let n(f) = -88*f + 2. What is the tens digit of n(v)?
7
Let c(v) = -v**3 - v + 4. Let o be c(0). Suppose 0 = o*l - 4*q + 36, 5*l + 14 = q - 11. Let m(u) = -5*u - 6. What is the units digit of m(l)?
4
Suppose -2*q - 3*q + 10 = -l, 2*q + 5*l - 31 = 0. Suppose -2*j + 53 + 17 = 4*z, j - 20 = q*z. What is the tens digit of j?
2
Let r(o) = o**3 + o**2 - o - 2. Let c be r(0). Suppose -2*s = -1 - 19. Let p = s - c. What is the tens digit of p?
1
Suppose -20*w = -7638 - 22142. What is the tens digit of w?
8
Suppose z - 818 = -l, l + 3263 = 4*z + 2*l. Suppose -5*c = k - z, -4*c + 3*k + 638 = k. What is the hundreds digit of c?
1
Suppose -10*r + 12*r + 2 = 0, -5*q + 637 = -2*r. What is the units digit of q?
7
Let i(g) = -g - 1. Let t(o) = 2*o + 3. Let m(x) = 3*i(x) + t(x). Suppose 2*v = 5*u - 3, 6 = v - 7*u + 3*u. What is the units digit of m(v)?
4
Let v(k) = -k + 2. Let h be v(13). Let f = -9 - h. Suppose 0*z - f*z = 2*t - 30, -2*z + 5*t = -16. What is the units digit of z?
3
Let z(h) be the second derivative of h**4/12 + 8*h**3/3 + 15*h**2/2 + 4*h. Let o be z(-15). What is the tens digit of ((-2)/(-1) - o) + 15?
1
Let i be 7 + -5 + (-6)/(9/3). Suppose i = -8*m + 298 + 118. What is the tens digit of m?
5
Let m be 5235/20 - 2*1/(-8). Suppose 0*z + 4*z - y = 250, -4*z + m = 5*y. What is the tens digit of z?
6
Let t(r) = -r**2 + 21*r + 52. Let v be t(23). Suppose -u - u + 43 = m, 0 = 3*u - v. What is the units digit of m?
9
Suppose 124*o - 135*o + 2717 = 0. What is the hundreds digit of o?
2
Suppose c + 2*y = 1567, -5*c + 7874 = 8*y - 11*y. What is the units digit of c?
3
Let y(u) = -u**3 + 7*u**2 + 11*u - 7. Let w be y(8). Let a(k) = -5*k + w - 22 + 16*k. What is the tens digit of a(5)?
5
Let a = 3 + -13. Let k = -18 - a. Let g(u) = -3*u - 3. What is the tens digit of g(k)?
2
Let h be 1/5 - (-1692)/15. Let t = -21 + h. What is the tens digit of t?
9
Let n be (-4 - 2)/(1/(-5)). Let o be n*(-2)/(-9)*3. Let r = 24 - o. What is the units digit of r?
4
Let g = -3 - -7. Suppose 0 = g*a - 10 - 6. Suppose -b = 2*l - 10, -5*l + a = -l. What is the units digit of b?
8
Suppose 57*i = 50*i + 2002. What is the tens digit of i?
8
Let a = 68 + -65. Suppose a*g - 520 = -g. What is the units digit of g?
0
Suppose 16576 = 57*o - 41621. What is the hundreds digit of o?
0
Let m(c) = -5*c + 25. Let j be m(-8). Let w = j + 8. What is the units digit of w?
3
Suppose 0*